{"id":9,"date":"2025-04-16T07:04:24","date_gmt":"2025-04-16T07:04:24","guid":{"rendered":"https:\/\/rbrd.ibict.br\/?page_id=9"},"modified":"2025-10-14T12:38:22","modified_gmt":"2025-10-14T12:38:22","slug":"home","status":"publish","type":"page","link":"https:\/\/rbrd.ibict.br\/","title":{"rendered":"Home"},"content":{"rendered":"\t\t<div data-elementor-type=\"wp-page\" data-elementor-id=\"9\" class=\"elementor elementor-9\" data-elementor-post-type=\"page\">\n\t\t\t\t<div class=\"elementor-element elementor-element-1d21a64b e-flex e-con-boxed e-con e-parent\" data-id=\"1d21a64b\" data-element_type=\"container\" data-settings=\"{&quot;background_background&quot;:&quot;classic&quot;}\">\n\t\t\t\t\t<div class=\"e-con-inner\">\n\t\t\t\t<div class=\"elementor-element elementor-element-3968e6be elementor-widget elementor-widget-heading\" data-id=\"3968e6be\" data-element_type=\"widget\" data-widget_type=\"heading.default\">\n\t\t\t\t\t<h2 class=\"elementor-heading-title elementor-size-default\">Fortalecendo a Ci\u00eancia Aberta no Brasil atrav\u00e9s de Reposit\u00f3rios Digitais <\/h2>\t\t\t\t<\/div>\n\t\t\t\t<div class=\"elementor-element elementor-element-36cf7559 elementor-widget elementor-widget-text-editor\" data-id=\"36cf7559\" data-element_type=\"widget\" data-widget_type=\"text-editor.default\">\n\t\t\t\t\t\t\t\t\t<div class=\"wp-block-cover\"><div class=\"wp-block-cover__inner-container has-global-padding is-layout-constrained wp-block-cover-is-layout-constrained\"><p>A Rede Brasileira de Reposit\u00f3rios Digitais (RBRD) \u2028promove o acesso aberto ao conhecimento cient\u00edfico em todas as regi\u00f5es do pa\u00eds<\/p><\/div><\/div><div class=\"wp-block-columns are-vertically-aligned-center full-section, section-two has-custom-bg-section-01-background-color has-background is-layout-flex wp-container-core-columns-is-layout-4f7f7eef wp-block-columns-is-layout-flex\"><div class=\"wp-block-column is-vertically-aligned-center is-style-default has-custom-bg-section-01-background-color has-background has-global-padding is-content-justification-right is-layout-constrained wp-container-core-column-is-layout-83b0962e wp-block-column-is-layout-constrained\">\u00a0<\/div><\/div>\t\t\t\t\t\t\t\t<\/div>\n\t\t\t\t\t<\/div>\n\t\t\t\t<\/div>\n\t\t<div class=\"elementor-element elementor-element-10abe004 e-flex e-con-boxed e-con e-parent\" data-id=\"10abe004\" data-element_type=\"container\" data-settings=\"{&quot;background_background&quot;:&quot;classic&quot;}\">\n\t\t\t\t\t<div class=\"e-con-inner\">\n\t\t\t\t<div class=\"elementor-element elementor-element-7756dabc elementor-widget elementor-widget-image\" data-id=\"7756dabc\" data-element_type=\"widget\" data-widget_type=\"image.default\">\n\t\t\t\t\t\t\t\t\t\t\t\t\t\t\t<img fetchpriority=\"high\" decoding=\"async\" width=\"450\" height=\"450\" src=\"https:\/\/rbrd.ibict.br\/wp-content\/uploads\/2025\/04\/br-mapa-2.png\" class=\"attachment-large size-large wp-image-145\" alt=\"\" srcset=\"https:\/\/rbrd.ibict.br\/wp-content\/uploads\/2025\/04\/br-mapa-2.png 450w, https:\/\/rbrd.ibict.br\/wp-content\/uploads\/2025\/04\/br-mapa-2-300x300.png 300w, https:\/\/rbrd.ibict.br\/wp-content\/uploads\/2025\/04\/br-mapa-2-150x150.png 150w\" sizes=\"(max-width: 450px) 100vw, 450px\" \/>\t\t\t\t\t\t\t\t\t\t\t\t\t\t\t<\/div>\n\t\t<div class=\"elementor-element elementor-element-74acd6a6 e-con-full e-flex e-con e-child\" data-id=\"74acd6a6\" data-element_type=\"container\">\n\t\t\t\t<div class=\"elementor-element elementor-element-4bcc788 elementor-widget elementor-widget-text-editor\" data-id=\"4bcc788\" data-element_type=\"widget\" data-widget_type=\"text-editor.default\">\n\t\t\t\t\t\t\t\t\t<div class=\"wp-block-cover\"><div class=\"wp-block-cover__inner-container has-global-padding is-layout-constrained wp-block-cover-is-layout-constrained\"><p class=\"tiny-text has-medium-font-size\">Estrutura da Rede<\/p><\/div><\/div>\t\t\t\t\t\t\t\t<\/div>\n\t\t\t\t<div class=\"elementor-element elementor-element-2069ba62 elementor-widget elementor-widget-heading\" data-id=\"2069ba62\" data-element_type=\"widget\" data-widget_type=\"heading.default\">\n\t\t\t\t\t<h2 class=\"elementor-heading-title elementor-size-default\">Uma rede descentralizada com atua\u00e7\u00e3o em todo o territ\u00f3rio nacional<\/h2>\t\t\t\t<\/div>\n\t\t\t\t<div class=\"elementor-element elementor-element-2606690d elementor-widget elementor-widget-text-editor\" data-id=\"2606690d\" data-element_type=\"widget\" data-widget_type=\"text-editor.default\">\n\t\t\t\t\t\t\t\t\t<div class=\"wp-block-cover\"><div class=\"wp-block-cover__inner-container has-global-padding is-layout-constrained wp-block-cover-is-layout-constrained\"><div class=\"wp-block-columns are-vertically-aligned-center full-section, section-two has-custom-bg-section-01-background-color has-background is-layout-flex wp-container-core-columns-is-layout-4f7f7eef wp-block-columns-is-layout-flex\"><div class=\"wp-block-column is-vertically-aligned-center is-style-default has-custom-bg-section-01-background-color has-background has-global-padding is-content-justification-left is-layout-constrained wp-container-core-column-is-layout-95996b15 wp-block-column-is-layout-constrained\"><div class=\"wp-block-group has-custom-bg-section-03-color has-text-color has-link-color wp-elements-ae2eca15cec9f5957cdd5bcf0303ef9b has-global-padding is-content-justification-left is-layout-constrained wp-container-core-group-is-layout-e4f0150f wp-block-group-is-layout-constrained\"><p class=\"col-max\">A RBRD \u00e9 composta por cinco sub-redes regionais (Norte, Nordeste, Centro-Oeste, Sudeste e Sul), cada uma com autonomia para desenvolver a\u00e7\u00f5es adaptadas \u00e0s necessidades locais, sempre alinhadas com as melhores pr\u00e1ticas internacionais de reposit\u00f3rios digitais.<\/p><\/div><\/div><\/div><div class=\"wp-block-columns full-section, section-three has-custom-bg-section-02-background-color has-background is-layout-flex wp-container-core-columns-is-layout-4f7f7eef wp-block-columns-is-layout-flex\"><div class=\"wp-block-column is-vertically-aligned-center has-custom-background-color has-custom-bg-section-02-background-color has-text-color has-background has-link-color wp-elements-8f7fe08b84872f25f82880723b227136 has-global-padding is-layout-constrained wp-container-core-column-is-layout-7dba3bf0 wp-block-column-is-layout-constrained\"><div class=\"wp-block-group has-global-padding is-content-justification-right is-layout-constrained wp-container-core-group-is-layout-57877e55 wp-block-group-is-layout-constrained\">\u00a0<\/div><\/div><\/div><\/div><\/div>\t\t\t\t\t\t\t\t<\/div>\n\t\t\t\t<\/div>\n\t\t\t\t\t<\/div>\n\t\t\t\t<\/div>\n\t\t<div class=\"elementor-element elementor-element-7bb6ba13 e-flex e-con-boxed e-con e-parent\" data-id=\"7bb6ba13\" data-element_type=\"container\" data-settings=\"{&quot;background_background&quot;:&quot;classic&quot;}\">\n\t\t\t\t\t<div class=\"e-con-inner\">\n\t\t<div class=\"elementor-element elementor-element-4c6ebba0 e-con-full e-flex e-con e-child\" data-id=\"4c6ebba0\" data-element_type=\"container\">\n\t\t\t\t<div class=\"elementor-element elementor-element-1ee42bb2 elementor-widget elementor-widget-text-editor\" data-id=\"1ee42bb2\" data-element_type=\"widget\" data-widget_type=\"text-editor.default\">\n\t\t\t\t\t\t\t\t\t<div class=\"wp-block-cover\"><div class=\"wp-block-cover__inner-container has-global-padding is-layout-constrained wp-block-cover-is-layout-constrained\"><p class=\"tiny-text has-medium-font-size\">Benef\u00edcios<\/p><\/div><\/div>\t\t\t\t\t\t\t\t<\/div>\n\t\t\t\t<div class=\"elementor-element elementor-element-165775d9 elementor-widget elementor-widget-heading\" data-id=\"165775d9\" data-element_type=\"widget\" data-widget_type=\"heading.default\">\n\t\t\t\t\t<h2 class=\"elementor-heading-title elementor-size-default\">Junte-se \u00e0 nossa rede!\n<\/h2>\t\t\t\t<\/div>\n\t\t\t\t<div class=\"elementor-element elementor-element-3a325252 elementor-widget__width-initial elementor-widget elementor-widget-text-editor\" data-id=\"3a325252\" data-element_type=\"widget\" data-widget_type=\"text-editor.default\">\n\t\t\t\t\t\t\t\t\t<div class=\"wp-block-cover\"><div class=\"wp-block-cover__inner-container has-global-padding is-layout-constrained wp-block-cover-is-layout-constrained\"><div class=\"wp-block-columns are-vertically-aligned-center full-section, section-two has-custom-bg-section-01-background-color has-background is-layout-flex wp-container-core-columns-is-layout-4f7f7eef wp-block-columns-is-layout-flex\"><div class=\"wp-block-column is-vertically-aligned-center is-style-default has-custom-bg-section-01-background-color has-background has-global-padding is-content-justification-left is-layout-constrained wp-container-core-column-is-layout-95996b15 wp-block-column-is-layout-constrained\"><div class=\"wp-block-group has-custom-bg-section-03-color has-text-color has-link-color wp-elements-ae2eca15cec9f5957cdd5bcf0303ef9b has-global-padding is-content-justification-left is-layout-constrained wp-container-core-group-is-layout-e4f0150f wp-block-group-is-layout-constrained\"><div class=\"wp-block-column is-vertically-aligned-center col-max is-style-default has-custom-background-color has-custom-bg-section-04-background-color has-text-color has-background has-link-color wp-elements-cd03d6ae6ff39ba0a2cf5c4bcf17274a has-global-padding is-content-justification-right is-layout-constrained wp-container-core-column-is-layout-0d9a1ce3 wp-block-column-is-layout-constrained\"><div class=\"wp-block-group has-global-padding is-content-justification-right is-layout-constrained wp-container-core-group-is-layout-1e225619 wp-block-group-is-layout-constrained\"><p class=\"col-max\">Sua institui\u00e7\u00e3o tamb\u00e9m pode fazer parte deste movimento pela democratiza\u00e7\u00e3o do conhecimento cient\u00edfico no Brasil. Entre em contato para saber como participar.<\/p><\/div><\/div><div class=\"wp-block-column is-vertically-aligned-center has-custom-bg-section-04-background-color has-background has-small-font-size has-global-padding is-content-justification-left is-layout-constrained wp-container-core-column-is-layout-ac055958 wp-block-column-is-layout-constrained\">\u00a0<\/div><\/div><\/div><\/div><\/div><\/div>\t\t\t\t\t\t\t\t<\/div>\n\t\t\t\t<\/div>\n\t\t<div class=\"elementor-element elementor-element-7b34679d e-con-full e-grid e-con e-child\" data-id=\"7b34679d\" data-element_type=\"container\">\n\t\t\t\t<div class=\"elementor-element elementor-element-3f686de9 elementor-widget elementor-widget-image\" data-id=\"3f686de9\" data-element_type=\"widget\" data-widget_type=\"image.default\">\n\t\t\t\t\t\t\t\t\t\t\t\t\t\t\t\t<a href=\"https:\/\/rbrd.ibict.br\/?page_id=366\">\n\t\t\t\t\t\t\t<img decoding=\"async\" width=\"142\" height=\"138\" src=\"https:\/\/rbrd.ibict.br\/wp-content\/uploads\/2025\/09\/norte.png\" class=\"attachment-large size-large wp-image-312\" alt=\"\" \/>\t\t\t\t\t\t\t\t<\/a>\n\t\t\t\t\t\t\t\t\t\t\t\t\t\t\t<\/div>\n\t\t\t\t<div class=\"elementor-element elementor-element-5975d810 elementor-widget elementor-widget-image\" data-id=\"5975d810\" data-element_type=\"widget\" data-widget_type=\"image.default\">\n\t\t\t\t\t\t\t\t\t\t\t\t\t\t\t\t<a href=\"https:\/\/rbrd.ibict.br\/?page_id=354\">\n\t\t\t\t\t\t\t<img decoding=\"async\" width=\"141\" height=\"138\" src=\"https:\/\/rbrd.ibict.br\/wp-content\/uploads\/2025\/09\/nordeste.png\" class=\"attachment-large size-large wp-image-311\" alt=\"\" \/>\t\t\t\t\t\t\t\t<\/a>\n\t\t\t\t\t\t\t\t\t\t\t\t\t\t\t<\/div>\n\t\t\t\t<div class=\"elementor-element elementor-element-5d4dc8b6 elementor-widget elementor-widget-image\" data-id=\"5d4dc8b6\" data-element_type=\"widget\" data-widget_type=\"image.default\">\n\t\t\t\t\t\t\t\t\t\t\t\t\t\t\t\t<a href=\"https:\/\/rbrd.ibict.br\/?page_id=372\">\n\t\t\t\t\t\t\t<img loading=\"lazy\" decoding=\"async\" width=\"140\" height=\"138\" src=\"https:\/\/rbrd.ibict.br\/wp-content\/uploads\/2025\/09\/centro-oeste-1.png\" class=\"attachment-large size-large wp-image-317\" alt=\"\" \/>\t\t\t\t\t\t\t\t<\/a>\n\t\t\t\t\t\t\t\t\t\t\t\t\t\t\t<\/div>\n\t\t\t\t<div class=\"elementor-element elementor-element-63c2a7cc elementor-widget elementor-widget-image\" data-id=\"63c2a7cc\" data-element_type=\"widget\" data-widget_type=\"image.default\">\n\t\t\t\t\t\t\t\t\t\t\t\t\t\t\t\t<a href=\"https:\/\/rbrd.ibict.br\/?page_id=368\">\n\t\t\t\t\t\t\t<img loading=\"lazy\" decoding=\"async\" width=\"142\" height=\"138\" src=\"https:\/\/rbrd.ibict.br\/wp-content\/uploads\/2025\/09\/sudeste.png\" class=\"attachment-large size-large wp-image-313\" alt=\"\" \/>\t\t\t\t\t\t\t\t<\/a>\n\t\t\t\t\t\t\t\t\t\t\t\t\t\t\t<\/div>\n\t\t\t\t<div class=\"elementor-element elementor-element-b697ac2 elementor-widget elementor-widget-image\" data-id=\"b697ac2\" data-element_type=\"widget\" data-widget_type=\"image.default\">\n\t\t\t\t\t\t\t\t\t\t\t\t\t\t\t\t<a href=\"https:\/\/rbrd.ibict.br\/?page_id=370\">\n\t\t\t\t\t\t\t<img loading=\"lazy\" decoding=\"async\" width=\"140\" height=\"138\" src=\"https:\/\/rbrd.ibict.br\/wp-content\/uploads\/2025\/09\/sul.png\" class=\"attachment-large size-large wp-image-314\" alt=\"\" \/>\t\t\t\t\t\t\t\t<\/a>\n\t\t\t\t\t\t\t\t\t\t\t\t\t\t\t<\/div>\n\t\t\t\t<\/div>\n\t\t\t\t\t<\/div>\n\t\t\t\t<\/div>\n\t\t<div class=\"elementor-element elementor-element-5beab236 e-flex e-con-boxed e-con e-parent\" data-id=\"5beab236\" data-element_type=\"container\" data-settings=\"{&quot;background_background&quot;:&quot;classic&quot;}\">\n\t\t\t\t\t<div class=\"e-con-inner\">\n\t\t<div class=\"elementor-element elementor-element-1e1a7431 e-con-full e-flex e-con e-child\" data-id=\"1e1a7431\" data-element_type=\"container\">\n\t\t\t\t<div class=\"elementor-element elementor-element-54152957 elementor-widget elementor-widget-image\" data-id=\"54152957\" data-element_type=\"widget\" data-widget_type=\"image.default\">\n\t\t\t\t\t\t\t\t\t\t\t\t\t\t\t<img loading=\"lazy\" decoding=\"async\" width=\"507\" height=\"252\" src=\"https:\/\/rbrd.ibict.br\/wp-content\/uploads\/2025\/04\/todos-estados.png\" class=\"attachment-large size-large wp-image-116\" alt=\"\" srcset=\"https:\/\/rbrd.ibict.br\/wp-content\/uploads\/2025\/04\/todos-estados.png 507w, https:\/\/rbrd.ibict.br\/wp-content\/uploads\/2025\/04\/todos-estados-300x149.png 300w\" sizes=\"(max-width: 507px) 100vw, 507px\" \/>\t\t\t\t\t\t\t\t\t\t\t\t\t\t\t<\/div>\n\t\t\t\t<\/div>\n\t\t<div class=\"elementor-element elementor-element-7c331f07 e-con-full e-flex e-con e-child\" data-id=\"7c331f07\" data-element_type=\"container\">\n\t\t\t\t<div class=\"elementor-element elementor-element-7168f0f3 elementor-widget elementor-widget-text-editor\" data-id=\"7168f0f3\" data-element_type=\"widget\" data-widget_type=\"text-editor.default\">\n\t\t\t\t\t\t\t\t\t<div class=\"wp-block-cover\"><div class=\"wp-block-cover__inner-container has-global-padding is-layout-constrained wp-block-cover-is-layout-constrained\"><p class=\"tiny-text has-medium-font-size\">Benef\u00edcios<\/p><\/div><\/div>\t\t\t\t\t\t\t\t<\/div>\n\t\t\t\t<div class=\"elementor-element elementor-element-12ad32db elementor-widget elementor-widget-heading\" data-id=\"12ad32db\" data-element_type=\"widget\" data-widget_type=\"heading.default\">\n\t\t\t\t\t<h2 class=\"elementor-heading-title elementor-size-default\">Por que participar da RBRD?<\/h2>\t\t\t\t<\/div>\n\t\t\t\t<div class=\"elementor-element elementor-element-4090deea elementor-widget elementor-widget-text-editor\" data-id=\"4090deea\" data-element_type=\"widget\" data-widget_type=\"text-editor.default\">\n\t\t\t\t\t\t\t\t\t<div class=\"wp-block-cover\"><div class=\"wp-block-cover__inner-container has-global-padding is-layout-constrained wp-block-cover-is-layout-constrained\"><div class=\"wp-block-columns are-vertically-aligned-center full-section, section-two has-custom-bg-section-01-background-color has-background is-layout-flex wp-container-core-columns-is-layout-4f7f7eef wp-block-columns-is-layout-flex\"><div class=\"wp-block-column is-vertically-aligned-center is-style-default has-custom-bg-section-01-background-color has-background has-global-padding is-content-justification-left is-layout-constrained wp-container-core-column-is-layout-95996b15 wp-block-column-is-layout-constrained\"><div class=\"wp-block-group has-custom-bg-section-03-color has-text-color has-link-color wp-elements-ae2eca15cec9f5957cdd5bcf0303ef9b has-global-padding is-content-justification-left is-layout-constrained wp-container-core-group-is-layout-e4f0150f wp-block-group-is-layout-constrained\"><p class=\"col-max\">A RBRD tem a miss\u00e3o de promover, apoiar, incentivar e compartilhar os conhecimentos t\u00e9cnicos-cient\u00edficos para o desenvolvimento de reposit\u00f3rios institucionais de acordo com as boas pr\u00e1ticas disseminadas, com vistas a alcan\u00e7ar e promover os prop\u00f3sitos da Ci\u00eancia Aberta no Brasil.\u00a0<\/p><\/div><\/div><\/div><\/div><\/div>\t\t\t\t\t\t\t\t<\/div>\n\t\t\t\t<\/div>\n\t\t\t\t\t<\/div>\n\t\t\t\t<\/div>\n\t\t<div class=\"elementor-element elementor-element-ca77a00 e-flex e-con-boxed e-con e-parent\" data-id=\"ca77a00\" data-element_type=\"container\" data-settings=\"{&quot;background_background&quot;:&quot;classic&quot;}\">\n\t\t\t\t\t<div class=\"e-con-inner\">\n\t\t\t\t<div class=\"elementor-element elementor-element-38de384c elementor-shape-rounded elementor-grid-0 e-grid-align-center elementor-widget elementor-widget-social-icons\" data-id=\"38de384c\" data-element_type=\"widget\" data-widget_type=\"social-icons.default\">\n\t\t\t\t\t\t\t<div class=\"elementor-social-icons-wrapper elementor-grid\" role=\"list\">\n\t\t\t\t\t\t\t<span class=\"elementor-grid-item\" role=\"listitem\">\n\t\t\t\t\t<a class=\"elementor-icon elementor-social-icon elementor-social-icon-facebook elementor-repeater-item-4ebe364\" href=\"http:\/\/rbrd.ibict.br\/facebook\" target=\"_blank\">\n\t\t\t\t\t\t<span class=\"elementor-screen-only\">Facebook<\/span>\n\t\t\t\t\t\t<svg aria-hidden=\"true\" class=\"e-font-icon-svg e-fab-facebook\" viewBox=\"0 0 512 512\" xmlns=\"http:\/\/www.w3.org\/2000\/svg\"><path d=\"M504 256C504 119 393 8 256 8S8 119 8 256c0 123.78 90.69 226.38 209.25 245V327.69h-63V256h63v-54.64c0-62.15 37-96.48 93.67-96.48 27.14 0 55.52 4.84 55.52 4.84v61h-31.28c-30.8 0-40.41 19.12-40.41 38.73V256h68.78l-11 71.69h-57.78V501C413.31 482.38 504 379.78 504 256z\"><\/path><\/svg>\t\t\t\t\t<\/a>\n\t\t\t\t<\/span>\n\t\t\t\t\t\t\t<span class=\"elementor-grid-item\" role=\"listitem\">\n\t\t\t\t\t<a class=\"elementor-icon elementor-social-icon elementor-social-icon-youtube elementor-repeater-item-df07b0b\" href=\"http:\/\/rbrd.ibict.br\/facebook\" target=\"_blank\">\n\t\t\t\t\t\t<span class=\"elementor-screen-only\">Youtube<\/span>\n\t\t\t\t\t\t<svg aria-hidden=\"true\" class=\"e-font-icon-svg e-fab-youtube\" viewBox=\"0 0 576 512\" xmlns=\"http:\/\/www.w3.org\/2000\/svg\"><path d=\"M549.655 124.083c-6.281-23.65-24.787-42.276-48.284-48.597C458.781 64 288 64 288 64S117.22 64 74.629 75.486c-23.497 6.322-42.003 24.947-48.284 48.597-11.412 42.867-11.412 132.305-11.412 132.305s0 89.438 11.412 132.305c6.281 23.65 24.787 41.5 48.284 47.821C117.22 448 288 448 288 448s170.78 0 213.371-11.486c23.497-6.321 42.003-24.171 48.284-47.821 11.412-42.867 11.412-132.305 11.412-132.305s0-89.438-11.412-132.305zm-317.51 213.508V175.185l142.739 81.205-142.739 81.201z\"><\/path><\/svg>\t\t\t\t\t<\/a>\n\t\t\t\t<\/span>\n\t\t\t\t\t\t\t<span class=\"elementor-grid-item\" role=\"listitem\">\n\t\t\t\t\t<a class=\"elementor-icon elementor-social-icon elementor-social-icon-x-twitter elementor-repeater-item-73c625e\" href=\"http:\/\/rbrd.ibict.br\/facebook\" target=\"_blank\">\n\t\t\t\t\t\t<span class=\"elementor-screen-only\">X-twitter<\/span>\n\t\t\t\t\t\t<svg aria-hidden=\"true\" class=\"e-font-icon-svg e-fab-x-twitter\" viewBox=\"0 0 512 512\" xmlns=\"http:\/\/www.w3.org\/2000\/svg\"><path d=\"M389.2 48h70.6L305.6 224.2 487 464H345L233.7 318.6 106.5 464H35.8L200.7 275.5 26.8 48H172.4L272.9 180.9 389.2 48zM364.4 421.8h39.1L151.1 88h-42L364.4 421.8z\"><\/path><\/svg>\t\t\t\t\t<\/a>\n\t\t\t\t<\/span>\n\t\t\t\t\t<\/div>\n\t\t\t\t\t\t<\/div>\n\t\t\t\t\t<\/div>\n\t\t\t\t<\/div>\n\t\t\t\t<\/div>\n\t\t","protected":false},"excerpt":{"rendered":"<p>Fortalecendo a Ci\u00eancia Aberta no Brasil atrav\u00e9s de Reposit\u00f3rios Digitais A Rede Brasileira de Reposit\u00f3rios Digitais (RBRD) \u2028promove o acesso aberto ao conhecimento cient\u00edfico em todas as regi\u00f5es do pa\u00eds \u00a0 Estrutura da Rede Uma rede descentralizada com atua\u00e7\u00e3o em todo o territ\u00f3rio nacional A RBRD \u00e9 composta por cinco sub-redes regionais (Norte, Nordeste, Centro-Oeste, [&hellip;]<\/p>\n","protected":false},"author":2,"featured_media":0,"parent":0,"menu_order":0,"comment_status":"closed","ping_status":"closed","template":"","meta":{"_acf_changed":false,"footnotes":""},"class_list":["post-9","page","type-page","status-publish","hentry"],"acf":[],"_links":{"self":[{"href":"https:\/\/rbrd.ibict.br\/index.php?rest_route=\/wp\/v2\/pages\/9","targetHints":{"allow":["GET"]}}],"collection":[{"href":"https:\/\/rbrd.ibict.br\/index.php?rest_route=\/wp\/v2\/pages"}],"about":[{"href":"https:\/\/rbrd.ibict.br\/index.php?rest_route=\/wp\/v2\/types\/page"}],"author":[{"embeddable":true,"href":"https:\/\/rbrd.ibict.br\/index.php?rest_route=\/wp\/v2\/users\/2"}],"replies":[{"embeddable":true,"href":"https:\/\/rbrd.ibict.br\/index.php?rest_route=%2Fwp%2Fv2%2Fcomments&post=9"}],"version-history":[{"count":102,"href":"https:\/\/rbrd.ibict.br\/index.php?rest_route=\/wp\/v2\/pages\/9\/revisions"}],"predecessor-version":[{"id":512,"href":"https:\/\/rbrd.ibict.br\/index.php?rest_route=\/wp\/v2\/pages\/9\/revisions\/512"}],"wp:attachment":[{"href":"https:\/\/rbrd.ibict.br\/index.php?rest_route=%2Fwp%2Fv2%2Fmedia&parent=9"}],"curies":[{"name":"wp","href":"https:\/\/api.w.org\/{rel}","templated":true}]}}