{"id":464,"date":"2025-09-30T13:48:23","date_gmt":"2025-09-30T13:48:23","guid":{"rendered":"https:\/\/rbrd.ibict.br\/?page_id=464"},"modified":"2025-09-30T13:48:23","modified_gmt":"2025-09-30T13:48:23","slug":"ii-encontro-da-rede-brasileira-de-repositorios-digitais","status":"publish","type":"page","link":"https:\/\/rbrd.ibict.br\/?page_id=464","title":{"rendered":"II Encontro da Rede Brasileira de Reposit\u00f3rios Digitais"},"content":{"rendered":"\n<p>Entre os dias 1\u00ba e 2 de agosto de 2024, o Centro Cultural da Funda\u00e7\u00e3o Get\u00falio Vargas (FGV) recebeu a segunda edi\u00e7\u00e3o do Encontro da Rede Brasileira de Reposit\u00f3rios Digitais, uma oportunidade para discutir e avan\u00e7ar o futuro dos reposit\u00f3rios digitais no Brasil. A FGV fez uma transmiss\u00e3o ao vivo pelo seu canal no YouTube que ficou dispon\u00edvel para acesso e download.<\/p>\n\n\n\n<p>Com o tema \u201cCi\u00eancia Aberta e Reposit\u00f3rios Digitais\u201d, o evento contou com 1.186 participantes e uma programa\u00e7\u00e3o de palestras e mesas de debate voltadas para a comunidade de reposit\u00f3rios digitais de publica\u00e7\u00f5es cient\u00edficas e de dados de pesquisa, como tamb\u00e9m para profissionais de institui\u00e7\u00f5es de Ensino, Ci\u00eancia e Pesquisa.&nbsp;<\/p>\n\n\n\n<p>A Rede Brasileira de Reposit\u00f3rios Digitais (RBRD) visa impulsionar a cria\u00e7\u00e3o e manuten\u00e7\u00e3o de reposit\u00f3rios de publica\u00e7\u00f5es e reposit\u00f3rios de dados de pesquisa em todas as regi\u00f5es do Brasil. Trata-se de uma iniciativa que conta com a participa\u00e7\u00e3o de in\u00fameras institui\u00e7\u00f5es de ensino e pesquisa brasileiras.&nbsp;<\/p>\n\n\n\n<p>A RBRD \u00e9 coordenada pelo Instituto Brasileiro de Informa\u00e7\u00e3o em Ci\u00eancia e Tecnologia (Ibict) e \u00e9 constitu\u00edda por outras cinco sub redes, sendo elas: Rede Norte, Rede Sul, Rede Sudeste, Rede Nordeste e Rede Centro-Oeste.&nbsp;<\/p>\n\n\n\n<p>O II Encontro foi fruto de uma parceria entre o Instituto de Comunica\u00e7\u00e3o e Informa\u00e7\u00e3o Cient\u00edfica e Tecnol\u00f3gica em Sa\u00fade (ICICT\/Fiocruz), Instituto Brasileiro de Informa\u00e7\u00e3o em Ci\u00eancia e Tecnologia (Ibict), Funda\u00e7\u00e3o Get\u00falio Vargas e as Redes Regionais de Reposit\u00f3rios Digitais com o apoio da Rede Nacional de Ensino e Pesquisa (RNP).<\/p>\n\n\n\n<p>O relat\u00f3rio final com os dados completos est\u00e1 dispon\u00edvel no Reposit\u00f3rio Arca:&nbsp;&nbsp;&nbsp;<\/p>\n\n\n\n<p><a href=\"https:\/\/arca.fiocruz.br\/items\/65371159-c629-490c-ba05-77dd486a73db\">https:\/\/arca.fiocruz.br\/items\/65371159-c629-490c-ba05-77dd486a73db<\/a><\/p>\n\n\n\n<p><\/p>\n","protected":false},"excerpt":{"rendered":"<p>Entre os dias 1\u00ba e 2 de agosto de 2024, o Centro Cultural da Funda\u00e7\u00e3o Get\u00falio Vargas (FGV) recebeu a segunda edi\u00e7\u00e3o do Encontro da Rede Brasileira de Reposit\u00f3rios Digitais, uma oportunidade para discutir e avan\u00e7ar o futuro dos reposit\u00f3rios digitais no Brasil. A FGV fez uma transmiss\u00e3o ao vivo pelo seu canal no YouTube [&hellip;]<\/p>\n","protected":false},"author":7,"featured_media":0,"parent":452,"menu_order":0,"comment_status":"closed","ping_status":"closed","template":"","meta":{"_acf_changed":false,"footnotes":""},"class_list":["post-464","page","type-page","status-publish","hentry"],"acf":[],"_links":{"self":[{"href":"https:\/\/rbrd.ibict.br\/index.php?rest_route=\/wp\/v2\/pages\/464","targetHints":{"allow":["GET"]}}],"collection":[{"href":"https:\/\/rbrd.ibict.br\/index.php?rest_route=\/wp\/v2\/pages"}],"about":[{"href":"https:\/\/rbrd.ibict.br\/index.php?rest_route=\/wp\/v2\/types\/page"}],"author":[{"embeddable":true,"href":"https:\/\/rbrd.ibict.br\/index.php?rest_route=\/wp\/v2\/users\/7"}],"replies":[{"embeddable":true,"href":"https:\/\/rbrd.ibict.br\/index.php?rest_route=%2Fwp%2Fv2%2Fcomments&post=464"}],"version-history":[{"count":1,"href":"https:\/\/rbrd.ibict.br\/index.php?rest_route=\/wp\/v2\/pages\/464\/revisions"}],"predecessor-version":[{"id":465,"href":"https:\/\/rbrd.ibict.br\/index.php?rest_route=\/wp\/v2\/pages\/464\/revisions\/465"}],"up":[{"embeddable":true,"href":"https:\/\/rbrd.ibict.br\/index.php?rest_route=\/wp\/v2\/pages\/452"}],"wp:attachment":[{"href":"https:\/\/rbrd.ibict.br\/index.php?rest_route=%2Fwp%2Fv2%2Fmedia&parent=464"}],"curies":[{"name":"wp","href":"https:\/\/api.w.org\/{rel}","templated":true}]}}